NOAA-Style Climate Reports
Select a Year or Month report
2024: Jan Feb Mar Apr May Jun Jul Aug Sep Oct Nov Dec
2023: Jan Feb Mar Apr May Jun Jul Aug Sep Oct Nov Dec
2022: Jan Feb Mar Apr May Jun Jul Aug Sep Oct Nov Dec
2021: Jan Feb Mar Apr May Jun Jul Aug Sep Oct Nov Dec
2020: Jan Feb Mar Apr May Jun Jul Aug Sep Oct Nov Dec
2019: Jan Feb Mar Apr May Jun Jul Aug Sep Oct Nov Dec
2018: Jan Feb Mar Apr May Jun Jul Aug Sep Oct Nov Dec
2017: Jan Feb Mar Apr May Jun Jul Aug Sep Oct Nov Dec
2016: Jan Feb Mar Apr May Jun Jul Aug Sep Oct Nov Dec
2015: Jan Feb Mar Apr May Jun Jul Aug Sep Oct Nov Dec
2014: Jan Feb Mar Apr May Jun Jul Aug Sep Oct Nov Dec
2013: Jan Feb Mar Apr May Jun Jul Aug Sep Oct Nov Dec
2012: Jan Feb Mar Apr May Jun Jul Aug Sep Oct Nov Dec
2024: Jan Feb Mar Apr May Jun Jul Aug Sep Oct Nov Dec
2023: Jan Feb Mar Apr May Jun Jul Aug Sep Oct Nov Dec
2022: Jan Feb Mar Apr May Jun Jul Aug Sep Oct Nov Dec
2021: Jan Feb Mar Apr May Jun Jul Aug Sep Oct Nov Dec
2020: Jan Feb Mar Apr May Jun Jul Aug Sep Oct Nov Dec
2019: Jan Feb Mar Apr May Jun Jul Aug Sep Oct Nov Dec
2018: Jan Feb Mar Apr May Jun Jul Aug Sep Oct Nov Dec
2017: Jan Feb Mar Apr May Jun Jul Aug Sep Oct Nov Dec
2016: Jan Feb Mar Apr May Jun Jul Aug Sep Oct Nov Dec
2015: Jan Feb Mar Apr May Jun Jul Aug Sep Oct Nov Dec
2014: Jan Feb Mar Apr May Jun Jul Aug Sep Oct Nov Dec
2013: Jan Feb Mar Apr May Jun Jul Aug Sep Oct Nov Dec
2012: Jan Feb Mar Apr May Jun Jul Aug Sep Oct Nov Dec
Report for 2024 April
Monthly Climatological Summary for April 2024 Name: Glendower City: Kingskerswell State: Devon Elevation: 30 ft Lat: N 45° 30' 00 Lon: E 003° 30' 00' Temperature (°C), Rain (mm), Wind Speed (km/h) .. Heat Cool Avg Mean Deg Deg Wind Dom Aller Aller Day Temp High Time Low Time Days Days Rain Speed High Time Dir High Low --------------------------------------------------------------------------------------------------------------------- 1 7.37 13.61 14:50 1.39 04:13 0 0 8.1 1.61 9.84 13:13 ESE 0.4964 0.2278 2 9.67 11.83 12:03 5.61 06:17 0 0 14.4 3.05 12.75 21:34 E 0.7624 0.2499 3 11.49 15.33 14:35 9.22 19:46 0 0 2.4 3.18 12.3 03:55 ESE 0.4027 0.2597 4 11.67 14.11 15:07 8.5 04:32 0 0 10.5 4.31 13.65 20:39 ESE 0.5806 0.2899 5 12.83 16.0 13:06 11.39 20:10 0 0 9.3 5.29 17.22 12:56 E 0.5724 0.2973 6 13.67 15.56 09:57 10.33 23:32 0 0 1.5 5.85 21.03 12:26 E 0.3504 0.2676 7 12.4 15.89 12:17 10.44 01:08 0 0 0.0 6.36 17.67 13:42 E 0.5202 0.264 8 10.75 12.17 16:49 8.61 20:56 0 0 6.3 4.57 15.44 20:37 ENE 0.399 0.2613 9 9.64 14.61 13:46 6.44 23:06 0 0 0.0 4.64 17.22 11:20 SSE 0.3317 0.2343 10 10.12 13.94 15:22 3.67 02:49 0 0 2.4 2.99 16.78 11:56 ESE 0.352 0.2383 11 12.7 17.06 11:38 10.44 23:44 0 0 0.0 3.75 11.41 23:04 ESE 0.3144 0.2403 12 13.34 18.78 15:03 8.61 03:51 0 0 0.0 3.05 12.08 14:08 SE 0.3508 0.2372 13 13.49 18.89 13:40 10.67 07:19 0 0 0.0 3.18 11.41 01:39 SE 0.3715 0.2321 14 9.5 15.0 12:49 4.44 04:00 0 0 1.2 1.57 11.19 22:56 SE 0.3479 0.2167 15 10.15 14.83 14:34 7.44 00:44 0 0 3.3 4.38 17.67 11:14 SE 0.3371 0.2107 16 10.37 15.78 15:07 3.72 23:57 0 0 0.6 3.95 15.44 07:36 SSE 0.5176 0.2244 17 7.62 13.0 13:46 0.28 04:33 0 0 0.0 3.0 12.3 13:47 SSE 0.53 0.3966 19 11.81 17.39 14:55 -0.56 06:11 0 0 0.3 3.44 13.87 15:55 SSE 0.5367 0.1976 20 9.45 17.44 15:00 1.33 04:36 0 0 0.0 1.02 5.82 13:28 S 0.5247 0.2007 21 9.34 18.06 16:41 0.06 06:44 0 0 0.0 1.4 9.4 17:18 S 0.3666 0.1819 22 9.15 13.33 11:30 2.61 00:00 0 0 0.9 1.58 5.37 18:14 SW 0.5722 0.1904 23 10.73 16.11 17:38 4.39 03:23 0 0 0.0 1.73 7.16 17:48 SSE 0.5662 0.1841 25 8.54 16.78 13:19 1.33 03:54 0 0 0.6 1.85 10.29 14:06 SE 0.3662 0.168 26 7.86 11.33 10:30 4.39 00:39 0 0 33.3 0.74 7.38 16:13 SSE 0.7295 0.1803 27 9.93 17.33 16:05 6.44 07:30 0 0 15.6 1.35 7.83 18:14 S 0.7878 0.2258 28 unavailable7.67 00:07 7.56 00:00 0 0 0.6 unavailable2.68 00:24 N 0.4081 0.2083 29 11.74 15.78 13:46 7.56 00:00 0 0 3.0 4.85 16.78 14:50 SE 0.2655 0.193