NOAA-Style Climate Reports


Report for 2018 August
                   Monthly Climatological Summary for Aug 2018

Name: Torquay Weather   City: Torquay   State: Devon
Elevation: 26 m  Lat: N 50° 29' 36"   Lon: W 003° 34' 43"

                  Temperature (°C), Rain (mm), Wind Speed (mph)

                                      Heat  Cool        Avg
    Mean                              Deg   Deg         Wind                 Dom
Day Temp  High   Time   Low    Time   Days  Days  Rain  Speed High   Time    Dir
----------------------------------------------------------------------------------
 1  16.3  21.9   14:40   9.8   05:18   2.7   0.7   0.0   0.9  11.0   11:47   WSW
 2  18.9  24.8   19:25  13.9   02:45   1.2   1.8   0.0   0.8  11.0   14:45    SE
 3  21.0  27.3   14:27  14.9   01:06   0.4   3.1   0.0   1.4  12.0   19:44     N
 4  21.0  27.9   15:30  16.4   23:50   0.4   3.2   0.0   0.8   8.0   05:19   NNW
 5  18.7  24.8   13:32  12.2   05:57   1.9   2.3   0.0   0.9  12.0   12:10    SE
 6  19.6  26.7   18:35   0.0   00:00   1.4   2.7   0.0   1.1  10.0   20:34     E
 7  17.6  23.0   14:30  12.2   06:47   2.1   1.4   0.0   1.7  13.0   18:16     N
 8  16.4  21.6   14:10  11.2   02:15   2.6   0.7   0.0   1.4  17.0   14:31     W
 9  15.0  20.5   15:08  10.9   23:28   3.5   0.2   3.6   0.6  13.0   17:50   WNW
10  14.2  19.8   16:23   7.6   04:44   4.2   0.1   5.4   1.5  18.0   17:03   WNW
11  14.2  18.4   16:45   6.9   03:52   4.1   0.0   2.2   1.5  16.0   14:20   SSE
12  17.7  21.4   16:09  15.9   22:14   1.1   0.5  26.0   2.4  16.0   08:57   SSE
13  18.4  22.3   17:51  14.8   04:26   1.1   1.2   0.2   1.6  16.0   15:06   NNW
----------------------------------------------------------------------------------
    17.6  27.9     4     0.0     6    26.7  17.9  37.4   1.3  18.0    10     WNW

Max >=  27.0:  2
Max <=   0.0:  0
Min <=   0.0:  1
Min <= -18.0:  0
Max Rain: 26.0 on day 12
Days of Rain: 5 (>= 0.0 mm)  5 (>= 0.1 mm)  4 (>= 1.0 mm)
Heat Base: 18.3  Cool Base: 18.3  Method: Integration