NOAA-Style Climate Reports


Report for 2021 May
                   Monthly Climatological Summary for May 2021

Name: Torquay Weather   City: Torquay   State: Devon
Elevation: 26 m  Lat: N 50° 29' 36"   Lon: W 003° 34' 43"

                  Temperature (°C), Rain (mm), Wind Speed (mph)

                                      Heat  Cool        Avg
    Mean                              Deg   Deg         Wind                 Dom
Day Temp  High   Time   Low    Time   Days  Days  Rain  Speed High   Time    Dir
----------------------------------------------------------------------------------
 1   6.2  11.5   12:25  -0.1   04:40  12.1   0.0   0.2   0.6  12.0   15:04    NW
 2   6.7  13.4   13:38  -0.8   05:55  11.6   0.0   0.2   0.8  10.0   16:04     W
 3   8.5  12.2   13:00   2.0   01:14   9.1   0.0  11.6   3.1  32.0   19:45     N
 4  10.2  13.9   13:28   5.4   23:31   8.1   0.0   0.6   4.2  22.0   00:41   NNW
 5   8.4  13.4   17:07   3.9   23:57   9.9   0.0   0.0   2.1  15.0   13:04    NW
 6   8.0  14.0   16:16   2.9   03:37  10.3   0.0   0.0   1.4  14.0   16:31     N
 7   4.5  13.7   11:26  -0.6   04:43   7.0   0.0   0.0   0.6  10.0   10:37     S
 8  14.1  14.5   20:36   0.0   08:42   2.5   0.0  22.6   5.1  26.0   06:18    SW
 9  13.5  16.8   12:33  11.2   06:21   4.8   0.0   4.0   2.3  17.0   01:25   WSW
10  12.3  14.7   13:09   9.4   00:00   5.8   0.0   1.8   3.3  22.0   15:57     W
11   9.9  13.4   10:12   5.3   06:12   6.7   0.0  21.6   1.7  20.0   15:34   SSW
12   9.5  12.9   09:48   5.1   05:53   8.7   0.0  45.4   0.9   9.0   11:59     E
13  10.3  12.8   17:04   7.7   00:00   7.8   0.0  37.0   2.3  14.0   06:41     N
14  11.8  14.5   12:21   9.4   04:00   5.8   0.0   0.2   0.9   9.0   14:37     S
16  12.5  31.1   23:00   9.6   02:42  11.3   0.5  13.6   2.6  18.0   12:43   WNW
17  12.0  31.1   00:00   6.1   04:19   5.6   0.2 152.6   0.9  12.0   15:28    NW
18  10.4  14.4   14:30   0.0   00:49   7.0   0.0 166.2   1.2  16.0   14:30     N
19  11.7  16.7   14:30   6.4   06:00   6.6   0.0   0.4   7.7  16.0   12:30     N
20  11.3  14.2   14:30   8.9   00:00   6.5   0.0   1.8  16.3  32.0   15:30     N
21  10.5  12.1   09:30   9.7   22:30   7.6   0.0   9.2  20.6  33.0   11:30     N
22  10.1  14.7   14:30   3.4   23:30   8.2   0.0   6.0   8.5  19.0   17:00     N
----------------------------------------------------------------------------------
    10.1  31.1    16    -0.8     2   163.0   0.7 495.0   2.1  33.0    21     NNW

Max >=  27.0:  2
Max <=   0.0:  0
Min <=   0.0:  5
Min <= -18.0:  0
Max Rain: 166.2 on day 18
Days of Rain: 18 (>= 0.0 mm)  18 (>= 0.1 mm)  13 (>= 1.0 mm)
Heat Base: 18.3  Cool Base: 18.3  Method: Integration