NOAA-Style Climate Reports


Report for 2020 July
                   Monthly Climatological Summary for Jul 2020

Name: Torquay Weather   City: Torquay   State: Devon
Elevation: 26 m  Lat: N 50° 29' 36"   Lon: W 003° 34' 43"

                  Temperature (°C), Rain (mm), Wind Speed (mph)

                                      Heat  Cool        Avg
    Mean                              Deg   Deg         Wind                 Dom
Day Temp  High   Time   Low    Time   Days  Days  Rain  Speed High   Time    Dir
----------------------------------------------------------------------------------
 1  16.0  19.8   15:07   0.0   00:31   2.3   0.1   0.4   1.1  13.0   19:02     N
 2  15.3  20.2   16:29  10.4   04:51   3.1   0.1   0.0   2.5  13.0   09:03     N
 3  13.9  17.9   11:59   7.8   03:15   4.4   0.0   1.8   3.6  23.0   18:10     N
 4  16.4  18.4   16:56  15.2   00:00   1.9   0.0   1.6   4.6  20.0   12:23     N
 5  16.4  18.4   17:00  15.3   23:00   1.8   0.0   0.2   5.3  20.0   12:30     N
 6  15.6  28.6   16:22   9.8   23:59   3.1   0.4   1.4   3.5  16.0   12:03     N
 7  13.5  19.5   14:10   6.0   04:44   4.8   0.1   0.0   1.7  17.0   20:07     N
 8  17.1  21.1   13:57  14.6   03:18   1.7   0.5   0.0   3.7  19.0   13:01     N
 9  16.6  23.3   14:50  14.0   23:59   1.9   0.3   0.0   3.3  17.0   21:24   NNW
----------------------------------------------------------------------------------
    15.6  28.6     6     0.0     1    25.0   1.5   5.4   3.1  23.0     3       N

Max >=  27.0:  1
Max <=   0.0:  0
Min <=   0.0:  1
Min <= -18.0:  0
Max Rain: 1.8 on day 3
Days of Rain: 5 (>= 0.0 mm)  5 (>= 0.1 mm)  3 (>= 1.0 mm)
Heat Base: 18.3  Cool Base: 18.3  Method: Integration