NOAA-Style Climate Reports


Report for 2021 September
                   Monthly Climatological Summary for Sep 2021

Name: Glendower   City: Kingskerswell   State: Devon
Elevation: 0 ft  Lat: N 45° 30' 00"   Lon: E 003° 30' 00"

                  Temperature (°C), Rain (mm), Wind Speed (km/h)

                                      Heat  Cool        Avg
    Mean                              Deg   Deg         Wind                 Dom
Day Temp  High   Time   Low    Time   Days  Days  Rain  Speed High   Time    Dir
----------------------------------------------------------------------------------
 1  17.2  20.2   14:55  14.4   01:17   1.4   0.3   0.0   1.7  21.0   11:47     N
 2  17.7  20.2   13:11  14.7   23:55   1.0   0.4   0.0   1.9  24.0   14:48     N
 3  15.3  21.4   16:46   8.4   05:02   3.6   0.6   0.0   0.9  14.0   12:20     N
 4  15.2  21.3   17:00   8.3   06:30   3.7   0.7   0.0   1.0  16.0   14:00     N
 5  17.7  21.6   15:30  13.6   23:28   1.0   0.5   0.0   0.1  10.0   15:33     N
 6  18.7  26.5   16:44  12.5   06:48   2.1   2.5   0.2   0.8  13.0   15:35     N
 7  19.0  25.4   13:56  11.8   06:44   2.0   2.7   0.0   1.5  23.0   15:47     N
 8  20.9  22.4   16:06  18.7   10:37   0.0   2.6   1.8   0.9  19.0   01:22     N
 9  20.7  22.4   00:00  18.0   23:15   0.0   2.4  12.2   1.2  23.0   14:42     N
10  17.9  19.8   17:02  16.4   23:48   0.6   0.2   0.4   2.4  18.0   12:04     N
11  15.7  20.1   16:38  10.4   06:19   2.7   0.2   0.0   1.9  19.0   10:40     N
12  14.8  18.4   13:59   9.3   04:42   3.3   0.0   0.0   0.4   6.0   11:14     N
13  16.6  20.0   14:17  12.7   05:27   2.0   0.2   3.4   1.3  13.0   11:53     N
14  18.3  22.6   18:03  15.5   04:50   1.1   1.1   0.0   1.1  11.0   16:02     N
15  22.6  22.6   00:00  22.6   00:00   0.0   4.3   0.0   0.0   0.0   00:00   ---
16  21.8  22.6   00:00  15.3   21:29   0.3   3.8   0.2   0.0  16.0   18:06   ---
17  15.5  17.9   23:10  15.4   00:00   2.8   0.0   0.0   0.0   0.0   00:00   ---
18  19.5  23.0   13:49  16.5   23:59   0.1   1.4   0.0   0.0   0.0   00:00   ---
19  15.5  20.8   12:56   9.8   23:28   3.2   0.4 308.2   1.2  23.0   18:07     N
20  13.9  21.9   15:29   5.7   07:10   5.0   0.7   0.2   2.5  21.0   12:40     N
21  14.0  21.4   14:43   7.2   06:44   4.9   0.6   0.0   1.2  11.0   12:40     N
22  13.2  20.4   14:46   6.5   06:56   5.4   0.3   0.2   0.6  11.0   16:44     N
----------------------------------------------------------------------------------
    17.3  26.5     6     5.7    20    46.2  25.9 326.8   1.1  24.0     2       N

Max >=  27.0:  0
Max <=   0.0:  0
Min <=   0.0:  0
Min <= -18.0:  0
Max Rain: 308.2 on day 19
Days of Rain: 9 (>= 0.2 mm)  3 (>= 2.0 mm)  1 (>= 20.0 mm)
Heat Base: 18.3  Cool Base: 18.3  Method: Integration