NOAA-Style Climate Reports


Report for 2019 December
                   Monthly Climatological Summary for Dec 2019

Name: Torquay Weather   City: Torquay   State: Devon
Elevation: 26 m  Lat: N 50° 29' 36"   Lon: W 003° 34' 43"

                  Temperature (°C), Rain (mm), Wind Speed (mph)

                                      Heat  Cool        Avg
    Mean                              Deg   Deg         Wind                 Dom
Day Temp  High   Time   Low    Time   Days  Days  Rain  Speed High   Time    Dir
----------------------------------------------------------------------------------
 1   4.9   7.9   13:24   1.0   23:55  13.4   0.0   0.0   2.5  14.0   15:22   NNE
 2   1.3   8.0   14:59  -3.4   07:19  17.0   0.0   0.0   0.3   5.0   11:25     N
 3   2.8  10.4   15:18  -1.7   23:52  15.5   0.0   0.0   0.2   6.0   12:33    SE
 4   0.6   8.4   14:50  -2.8   04:09  17.7   0.0   0.2   0.0   2.0   11:07     N
 5   5.6  11.2   23:51  -2.7   00:00  12.6   0.0   0.2   2.4  17.0   20:01     N
 6  11.3  12.7   11:46   8.0   21:58   7.0   0.0   2.0   5.4  23.0   06:00     N
 7   6.6   9.1   00:39   2.6   08:09  11.7   0.0   0.0   0.2   6.0   00:53     N
 8   7.7  10.3   10:33   6.3   17:07  10.5   0.0  16.8   4.1  34.0   21:12     N
 9   7.3  10.3   12:27  -0.3   23:29  11.0   0.0   2.0   5.5  34.0   02:54     N
10   9.2  13.0   17:07  -0.5   00:17   9.0   0.0  13.0   4.6  34.0   15:23   NNW
11   4.6   7.5   12:07   0.4   06:18  13.6   0.0   1.6   1.2  20.0   10:22     N
12   8.2  10.9   12:27   1.8   02:23  10.0   0.0  14.6  ----  34.0   22:46     N
13   8.0  11.8   20:23   5.8   07:20  10.2   0.0   2.8  ----  33.0   22:32     N
----------------------------------------------------------------------------------
     6.0  13.0    10    -3.4     2   159.2   0.0  53.2   2.4  34.0     8       N

Max >=  27.0:  0
Max <=   0.0:  0
Min <=   0.0:  6
Min <= -18.0:  0
Max Rain: 16.8 on day 8
Days of Rain: 9 (>= 0.0 mm)  9 (>= 0.1 mm)  7 (>= 1.0 mm)
Heat Base: 18.3  Cool Base: 18.3  Method: Integration