NOAA-Style Climate Reports


Report for 2019 October
                   Monthly Climatological Summary for Oct 2019

Name: Torquay Weather   City: Torquay   State: Devon
Elevation: 26 m  Lat: N 50° 29' 36"   Lon: W 003° 34' 43"

                  Temperature (°C), Rain (mm), Wind Speed (mph)

                                      Heat  Cool        Avg
    Mean                              Deg   Deg         Wind                 Dom
Day Temp  High   Time   Low    Time   Days  Days  Rain  Speed High   Time    Dir
----------------------------------------------------------------------------------
 1  15.7  18.4   16:53  12.4   23:46   2.6   0.0   3.2   3.1  15.0   08:43     N
 2  11.2  16.5   14:49   4.3   23:24   7.0   0.0   0.0   1.2  11.0   00:06     N
 3  11.3  15.8   14:55   3.9   01:24   7.0   0.0   6.8   1.9  15.0   15:08     N
 4  14.3  17.7   12:50  11.4   03:13   4.0   0.0   0.6   3.4  25.0   13:32     N
 5  14.4  18.0   16:15  10.1   07:17   3.9   0.0   2.8  ----  10.0   21:42     N
 6  13.3  17.4   14:54   8.4   21:01   4.9   0.0   0.6  ----  17.0   10:52     N
 7  13.1  17.1   17:23   9.1   00:00   5.2   0.0   9.8  ----  18.0   12:35     N
 8  12.2  16.5   12:25   7.8   07:07   6.0   0.0   3.2  ----  17.0   12:55     N
 9  11.6  15.2   13:09   8.4   06:39   6.7   0.0   3.4  ----  26.0   15:33     N
10  13.0  15.9   11:37   8.1   05:41   5.2   0.0   0.6  ----  21.0   17:49     N
11  14.5  16.1   12:50  11.6   23:48   3.8   0.0  16.8  ----  26.0   12:57     N
12  11.7  13.3   13:50  10.7   22:42   6.5   0.0  15.0  ----   6.0   12:59     N
----------------------------------------------------------------------------------
    13.0  18.4     1     3.9     3    62.8   0.0  62.8   2.3  26.0     9       N

Max >=  27.0:  0
Max <=   0.0:  0
Min <=   0.0:  0
Min <= -18.0:  0
Max Rain: 16.8 on day 11
Days of Rain: 11 (>= 0.0 mm)  11 (>= 0.1 mm)  8 (>= 1.0 mm)
Heat Base: 18.3  Cool Base: 18.3  Method: Integration