NOAA-Style Climate Reports
Select a Year or Month report
2024: Jan Feb Mar Apr May Jun Jul Aug Sep Oct Nov Dec
2023: Jan Feb Mar Apr May Jun Jul Aug Sep Oct Nov Dec
2022: Jan Feb Mar Apr May Jun Jul Aug Sep Oct Nov Dec
2021: Jan Feb Mar Apr May Jun Jul Aug Sep Oct Nov Dec
2020: Jan Feb Mar Apr May Jun Jul Aug Sep Oct Nov Dec
2019: Jan Feb Mar Apr May Jun Jul Aug Sep Oct Nov Dec
2018: Jan Feb Mar Apr May Jun Jul Aug Sep Oct Nov Dec
2017: Jan Feb Mar Apr May Jun Jul Aug Sep Oct Nov Dec
2016: Jan Feb Mar Apr May Jun Jul Aug Sep Oct Nov Dec
2015: Jan Feb Mar Apr May Jun Jul Aug Sep Oct Nov Dec
2014: Jan Feb Mar Apr May Jun Jul Aug Sep Oct Nov Dec
2013: Jan Feb Mar Apr May Jun Jul Aug Sep Oct Nov Dec
2012: Jan Feb Mar Apr May Jun Jul Aug Sep Oct Nov Dec
2024: Jan Feb Mar Apr May Jun Jul Aug Sep Oct Nov Dec
2023: Jan Feb Mar Apr May Jun Jul Aug Sep Oct Nov Dec
2022: Jan Feb Mar Apr May Jun Jul Aug Sep Oct Nov Dec
2021: Jan Feb Mar Apr May Jun Jul Aug Sep Oct Nov Dec
2020: Jan Feb Mar Apr May Jun Jul Aug Sep Oct Nov Dec
2019: Jan Feb Mar Apr May Jun Jul Aug Sep Oct Nov Dec
2018: Jan Feb Mar Apr May Jun Jul Aug Sep Oct Nov Dec
2017: Jan Feb Mar Apr May Jun Jul Aug Sep Oct Nov Dec
2016: Jan Feb Mar Apr May Jun Jul Aug Sep Oct Nov Dec
2015: Jan Feb Mar Apr May Jun Jul Aug Sep Oct Nov Dec
2014: Jan Feb Mar Apr May Jun Jul Aug Sep Oct Nov Dec
2013: Jan Feb Mar Apr May Jun Jul Aug Sep Oct Nov Dec
2012: Jan Feb Mar Apr May Jun Jul Aug Sep Oct Nov Dec
Report for 2023 September
Monthly Climatological Summary for September 2023 Name: Glendower City: Kingskerswell State: Devon Elevation: 30 ft Lat: N 45° 30' 00 Lon: E 003° 30' 00' Temperature (°C), Rain (mm), Wind Speed (km/h) .. Heat Cool Avg Mean Deg Deg Wind Dom Aller Aller Day Temp High Time Low Time Days Days Rain Speed High Time Dir High Low --------------------------------------------------------------------------------------------------------------------- 1 17.0 23.3 12:15 12.2 23:53 0 0 0.6 1.65 10.08 16:53 SSW 0.1995 0.1541 2 16.7 26.7 17:24 10.3 04:06 0 0 0.0 0.74 8.64 12:07 S 0.1945 0.1477 3 18.77 28.9 16:36 10.6 02:43 0 0 0.0 0.76 7.56 15:54 S 0.1954 0.1412 6 25.71 29.9 14:32 13.7 03:13 0 0 0.0 1.24 11.16 13:08 WSW 1.4429 0.146 7 20.08 27.1 15:19 15.2 05:40 0 0 0.0 0.76 7.2 11:25 SE 1.4389 0.153 10 18.29 26.5 13:11 14.4 02:05 0 0 0.0 1.69 12.6 17:07 ESE 1.4389 0.1573 11 19.8 21.9 10:59 14.4 02:40 0 0 1.2 2.77 11.16 00:05 WSW 0.204 0.1566 12 21.8 21.8 00:00 21.8 00:00 0 0 0.0 3.96 3.96 00:00 WNW 0.1927 0.1457 13 19.86 21.8 00:00 12.9 22:17 0 0 0.0 3.1 13.68 14:29 SW 0.1843 0.1349 13 19.85 21.8 00:00 12.9 22:17 0 0 0.0 3.1 13.68 14:29 SW 0.1843 0.1349 13 19.32 21.8 00:00 10.3 23:51 0 0 0.0 2.9 13.68 14:29 SW 0.1843 0.1349 14 14.17 22.5 15:48 6.9 05:07 0 0 0.0 1.92 10.44 14:57 SSW 0.1868 0.1311 15 15.1 23.9 15:57 7.9 02:00 0 0 0.0 0.8 9.36 16:40 S 0.187 0.1379 16 15.51 18.5 14:41 10.9 00:16 0 0 15.3 1.15 6.48 07:41 SSW 0.2827 0.1302 17 16.97 21.4 16:14 14.9 23:53 0 0 50.7 1.09 7.92 15:43 SSE 1.334 0.1849 18 15.65 19.4 13:37 12.4 02:42 0 0 1.8 4.02 18.0 13:42 S 1.1992 1.1992 19 16.26 18.9 15:03 13.6 00:22 0 0 2.4 7.32 24.84 13:27 SW 1.1992 0.1788 20 15.31 17.6 08:17 8.8 23:29 0 0 9.9 5.8 22.68 09:20 S 0.4955 0.1709 21 10.95 18.1 14:47 5.8 04:46 0 0 1.8 1.41 11.52 16:15 SSW 0.3494 0.1661 22 11.17 18.8 14:56 4.7 06:52 0 0 0.0 2.53 17.28 15:08 SW 0.2192 0.1566 23 11.29 18.4 16:24 3.1 04:35 0 0 0.9 2.69 14.4 23:08 S 0.2091 0.1453 24 17.21 20.7 15:47 14.3 00:00 0 0 5.7 6.18 20.88 18:52 SE 0.3604 0.1553 25 15.45 21.3 13:56 9.3 06:21 0 0 347.1 2.15 12.6 12:55 S 0.264 0.1496 26 15.91 20.3 13:00 11.1 22:33 0 0 0.6 3.01 14.4 11:49 SSE 0.2155 0.1577 27 15.85 19.0 15:21 11.0 03:18 0 0 1.8 5.46 23.76 21:52 SSE 0.2129 0.164 28 15.19 18.3 14:37 10.4 07:30 0 0 8.4 2.9 13.68 12:01 SE 0.4005 0.1512 29 14.71 20.2 14:01 9.8 20:31 0 0 2.1 2.26 11.88 02:11 SW 0.3892 0.1517 30 13.5 19.4 15:06 6.1 06:21 0 0 0.0 2.48 17.28 13:01 SSE 0.2134 0.1417