NOAA-Style Climate Reports
Select a Year or Month report
2024: Jan Feb Mar Apr May Jun Jul Aug Sep Oct Nov Dec
2023: Jan Feb Mar Apr May Jun Jul Aug Sep Oct Nov Dec
2022: Jan Feb Mar Apr May Jun Jul Aug Sep Oct Nov Dec
2021: Jan Feb Mar Apr May Jun Jul Aug Sep Oct Nov Dec
2020: Jan Feb Mar Apr May Jun Jul Aug Sep Oct Nov Dec
2019: Jan Feb Mar Apr May Jun Jul Aug Sep Oct Nov Dec
2018: Jan Feb Mar Apr May Jun Jul Aug Sep Oct Nov Dec
2017: Jan Feb Mar Apr May Jun Jul Aug Sep Oct Nov Dec
2016: Jan Feb Mar Apr May Jun Jul Aug Sep Oct Nov Dec
2015: Jan Feb Mar Apr May Jun Jul Aug Sep Oct Nov Dec
2014: Jan Feb Mar Apr May Jun Jul Aug Sep Oct Nov Dec
2013: Jan Feb Mar Apr May Jun Jul Aug Sep Oct Nov Dec
2012: Jan Feb Mar Apr May Jun Jul Aug Sep Oct Nov Dec
2024: Jan Feb Mar Apr May Jun Jul Aug Sep Oct Nov Dec
2023: Jan Feb Mar Apr May Jun Jul Aug Sep Oct Nov Dec
2022: Jan Feb Mar Apr May Jun Jul Aug Sep Oct Nov Dec
2021: Jan Feb Mar Apr May Jun Jul Aug Sep Oct Nov Dec
2020: Jan Feb Mar Apr May Jun Jul Aug Sep Oct Nov Dec
2019: Jan Feb Mar Apr May Jun Jul Aug Sep Oct Nov Dec
2018: Jan Feb Mar Apr May Jun Jul Aug Sep Oct Nov Dec
2017: Jan Feb Mar Apr May Jun Jul Aug Sep Oct Nov Dec
2016: Jan Feb Mar Apr May Jun Jul Aug Sep Oct Nov Dec
2015: Jan Feb Mar Apr May Jun Jul Aug Sep Oct Nov Dec
2014: Jan Feb Mar Apr May Jun Jul Aug Sep Oct Nov Dec
2013: Jan Feb Mar Apr May Jun Jul Aug Sep Oct Nov Dec
2012: Jan Feb Mar Apr May Jun Jul Aug Sep Oct Nov Dec
Report for 2023 August
Monthly Climatological Summary for August 2023 Name: Glendower City: Kingskerswell State: Devon Elevation: 30 ft Lat: N 45° 30' 00 Lon: E 003° 30' 00' Temperature (°C), Rain (mm), Wind Speed (km/h) .. Heat Cool Avg Mean Deg Deg Wind Dom Aller Aller Day Temp High Time Low Time Days Days Rain Speed High Time Dir High Low --------------------------------------------------------------------------------------------------------------------- 1 17.02 22.7 15:20 14.4 00:34 0 0 8.7 4.56 16.2 13:55 SW 0.4081 0.1479 2 16.88 21.2 17:23 14.4 06:27 0 0 3.3 6.98 23.76 14:32 SW 1.4263 0.1762 3 15.98 21.1 15:01 11.9 00:32 0 0 0.0 4.01 12.96 12:42 E 0.2017 0.1649 4 15.71 21.1 15:01 11.9 00:32 0 0 0.0 3.51 12.96 12:42 ESE 0.2017 0.1561 5 15.43 19.6 11:40 12.6 00:12 0 0 5.1 7.35 27.36 14:05 SSE 0.2288 0.1536 6 15.47 21.9 15:29 7.7 06:13 0 0 0.0 3.9 14.76 10:55 ESE 0.4974 0.1566 7 14.52 21.4 15:00 6.7 05:33 0 0 0.0 2.57 18.0 14:25 SSW 0.5574 0.1373 8 16.11 18.9 13:33 13.4 01:10 0 0 0.3 3.4 14.04 11:59 SW 0.2005 0.1635 9 18.48 25.4 16:22 13.4 22:31 0 0 0.0 1.84 8.64 13:30 SSW 0.204 0.1614 10 18.69 25.3 14:50 14.0 00:00 0 0 0.3 2.42 12.96 15:44 SSW 0.2065 0.1618 11 18.79 24.1 14:33 15.5 22:41 0 0 0.0 3.91 16.56 14:34 SW 0.2024 0.1594 12 17.64 21.4 14:07 15.4 00:54 0 0 0.3 5.86 19.08 11:29 WSW 0.1995 0.1527 13 17.05 20.9 14:19 14.9 02:01 0 0 2.7 4.36 14.04 11:37 WSW 0.1969 0.1525 14 18.09 23.6 16:05 10.9 22:40 0 0 10.2 4.97 16.56 09:42 SSW 0.5465 0.4177 15 16.07 25.8 13:05 7.8 04:06 0 0 0.0 1.47 9.72 13:34 S 0.5353 0.4094 16 12.92 28.9 16:52 9.7 02:22 0 0 0.0 0.3 8.64 19:03 WNW 0.4461 0.1539 17 15.98 21.4 15:13 8.9 05:49 0 0 0.0 1.63 11.88 20:59 S 0.4624 0.135 19 18.84 23.0 14:58 16.1 22:42 0 0 0.0 6.14 19.08 00:47 SW 1.4386 0.1656 20 17.92 20.3 10:49 14.4 01:29 0 0 0.0 3.38 10.08 10:33 SSW 0.4741 0.4154 20 17.92 20.3 10:49 14.4 01:29 0 0 0.0 3.38 10.08 10:33 SSW 0.4741 0.4154 20 18.34 20.3 10:49 14.4 01:29 0 0 0.0 3.73 10.08 10:33 SSW 0.4741 0.4154 21 19.5 23.6 14:54 14.8 22:08 0 0 0.3 4.21 12.96 13:37 SSW 0.5418 0.4118 22 19.16 26.1 15:24 12.9 23:29 0 0 0.0 2.95 14.04 17:44 SW 0.5557 0.5007 23 16.95 24.9 13:46 9.7 05:23 0 0 0.0 1.4 9.72 14:22 SSW 0.5595 0.5132 24 17.1 25.6 15:12 10.8 23:54 0 0 2.4 2.66 13.68 17:57 S 0.5667 0.5243 25 13.35 20.3 13:38 7.4 05:58 0 0 4.8 2.14 16.2 14:54 SSW 0.5389 0.1388 26 14.43 21.9 14:45 8.3 02:40 0 0 2.4 2.45 13.68 14:58 SSW 0.4585 0.1445 27 14.8 20.4 16:52 9.1 00:25 0 0 0.6 2.96 15.84 10:06 SSW 0.4967 0.4039 28 14.91 21.4 16:09 8.2 03:11 0 0 0.0 3.3 15.48 10:02 S 0.5327 0.4166 30 15.46 21.7 15:03 9.9 03:34 0 0 0.3 2.27 12.96 14:05 S 0.4743 0.1369 31 15.86 21.7 13:06 11.4 02:22 0 0 18.9 1.78 13.68 15:27 SSW 0.505 0.1378