NOAA-Style Climate Reports
Select a Year or Month report
2024: Jan Feb Mar Apr May Jun Jul Aug Sep Oct Nov Dec
2023: Jan Feb Mar Apr May Jun Jul Aug Sep Oct Nov Dec
2022: Jan Feb Mar Apr May Jun Jul Aug Sep Oct Nov Dec
2021: Jan Feb Mar Apr May Jun Jul Aug Sep Oct Nov Dec
2020: Jan Feb Mar Apr May Jun Jul Aug Sep Oct Nov Dec
2019: Jan Feb Mar Apr May Jun Jul Aug Sep Oct Nov Dec
2018: Jan Feb Mar Apr May Jun Jul Aug Sep Oct Nov Dec
2017: Jan Feb Mar Apr May Jun Jul Aug Sep Oct Nov Dec
2016: Jan Feb Mar Apr May Jun Jul Aug Sep Oct Nov Dec
2015: Jan Feb Mar Apr May Jun Jul Aug Sep Oct Nov Dec
2014: Jan Feb Mar Apr May Jun Jul Aug Sep Oct Nov Dec
2013: Jan Feb Mar Apr May Jun Jul Aug Sep Oct Nov Dec
2012: Jan Feb Mar Apr May Jun Jul Aug Sep Oct Nov Dec
2024: Jan Feb Mar Apr May Jun Jul Aug Sep Oct Nov Dec
2023: Jan Feb Mar Apr May Jun Jul Aug Sep Oct Nov Dec
2022: Jan Feb Mar Apr May Jun Jul Aug Sep Oct Nov Dec
2021: Jan Feb Mar Apr May Jun Jul Aug Sep Oct Nov Dec
2020: Jan Feb Mar Apr May Jun Jul Aug Sep Oct Nov Dec
2019: Jan Feb Mar Apr May Jun Jul Aug Sep Oct Nov Dec
2018: Jan Feb Mar Apr May Jun Jul Aug Sep Oct Nov Dec
2017: Jan Feb Mar Apr May Jun Jul Aug Sep Oct Nov Dec
2016: Jan Feb Mar Apr May Jun Jul Aug Sep Oct Nov Dec
2015: Jan Feb Mar Apr May Jun Jul Aug Sep Oct Nov Dec
2014: Jan Feb Mar Apr May Jun Jul Aug Sep Oct Nov Dec
2013: Jan Feb Mar Apr May Jun Jul Aug Sep Oct Nov Dec
2012: Jan Feb Mar Apr May Jun Jul Aug Sep Oct Nov Dec
Report for 2023 July
Monthly Climatological Summary for July 2023 Name: Glendower City: Kingskerswell State: Devon Elevation: 30 ft Lat: N 45° 30' 00 Lon: E 003° 30' 00' Temperature (°C), Rain (mm), Wind Speed (km/h) .. Heat Cool Avg Mean Deg Deg Wind Dom Aller Aller Day Temp High Time Low Time Days Days Rain Speed High Time Dir High Low --------------------------------------------------------------------------------------------------------------------- 1 18.3 23.3 16:14 13.1 23:54 0 0 0.0 5.32 20.52 16:00 SSE 0.2294 0.1596 2 15.65 21.4 16:16 11.1 00:08 0 0 0.0 4.93 25.2 12:47 SW 0.2012 0.1592 3 16.14 21.4 16:16 11.1 00:08 0 0 0.9 5.02 25.2 12:47 SW 0.2012 0.1592 4 12.98 17.9 11:59 9.6 23:10 0 0 14.1 1.25 12.96 12:19 SSW 0.3885 0.1551 5 10.38 10.8 00:35 9.9 00:00 0 0 0.0 0.56 5.4 00:14 SSE 0.2134 0.1933 6 13.45 13.6 00:03 13.3 00:35 0 0 0.0 1.0 3.24 00:01 WSW 0.1872 0.1661 6 16.95 22.9 17:24 12.4 05:16 0 0 0.0 3.9 17.28 18:02 SSW 0.1993 0.1544 7 19.06 27.3 15:41 10.4 05:28 0 0 0.0 2.78 13.68 10:52 S 0.1992 0.1561 8 18.44 23.2 10:35 13.1 23:54 0 0 2.4 2.97 11.16 04:08 SW 0.2493 0.156 10 16.76 21.1 16:33 10.3 00:19 0 0 17.4 5.06 24.48 23:20 SSW 0.4923 0.1481 11 16.89 20.9 17:25 12.6 23:54 0 0 0.9 4.65 18.0 14:35 SW 0.4828 0.1661 12 15.3 17.9 17:27 14.1 23:50 0 0 1.2 2.16 11.88 00:13 SW 0.4828 0.1632 13 16.68 22.3 14:25 13.6 04:17 0 0 2.7 3.83 14.76 14:06 WSW 0.3081 0.1614 15 16.51 19.6 13:10 13.9 23:37 0 0 3.0 7.9 28.08 10:23 SW 1.4307 0.1896 16 15.62 19.9 14:03 11.2 06:14 0 0 1.2 5.32 18.36 14:52 SW 1.4307 1.4307 17 15.77 21.7 16:05 10.1 23:48 0 0 0.6 2.98 15.12 14:12 SW 1.4307 0.1625 18 13.28 21.3 11:12 9.4 04:30 0 0 0.0 1.54 11.88 10:56 SSW 0.2134 0.1649 18 15.54 22.8 13:47 9.4 04:30 0 0 0.0 3.0 20.52 15:34 SW 0.2184 0.1649 19 18.25 25.2 16:11 11.5 05:13 0 0 0.0 3.13 12.96 13:42 SSE 0.2148 0.1664 20 15.35 24.0 13:50 6.9 05:12 0 0 0.0 2.01 13.68 18:25 S 0.2096 0.152 21 14.41 23.1 14:17 5.6 05:22 0 0 0.0 2.33 12.96 18:32 S 0.2069 0.1436 21 14.4 23.1 14:17 5.6 05:22 0 0 0.0 2.32 12.96 18:32 S 0.2069 0.1436 21 14.4 23.1 14:17 5.6 05:22 0 0 0.0 2.32 12.96 18:32 S 0.2069 0.1436 21 14.36 23.1 14:17 5.6 05:22 0 0 0.0 2.3 12.96 18:32 S 0.2069 0.1436 22 14.93 16.9 14:30 10.1 02:57 0 0 10.5 5.48 19.08 22:12 SW 0.3667 0.1601 23 17.68 21.7 13:34 15.1 22:20 0 0 0.0 5.81 17.28 11:21 WSW 0.2712 0.1698 24 16.07 19.2 10:06 12.3 23:21 0 0 5.7 2.73 12.24 17:01 SSE 0.3825 0.1674 25 15.24 23.6 16:37 8.2 23:52 0 0 1.8 2.1 11.88 16:44 SSE 0.2774 0.1532 29 15.68 20.4 12:32 15.3 01:20 0 0 0.0 2.95 10.08 12:33 SSW 0.2007 0.1709 29 17.27 22.8 13:32 15.3 01:20 0 0 0.0 4.25 16.2 17:48 SW 0.2045 0.1676 30 16.35 19.3 12:00 12.5 04:48 0 0 2.4 5.57 19.8 14:33 SW 0.2026 0.1587 31 17.64 18.6 15:27 14.4 22:30 0 0 0.9 3.74 16.92 01:06 WSW 0.2599 0.1697