NOAA-Style Climate Reports
Select a Year or Month report
2024: Jan Feb Mar Apr May Jun Jul Aug Sep Oct Nov Dec
2023: Jan Feb Mar Apr May Jun Jul Aug Sep Oct Nov Dec
2022: Jan Feb Mar Apr May Jun Jul Aug Sep Oct Nov Dec
2021: Jan Feb Mar Apr May Jun Jul Aug Sep Oct Nov Dec
2020: Jan Feb Mar Apr May Jun Jul Aug Sep Oct Nov Dec
2019: Jan Feb Mar Apr May Jun Jul Aug Sep Oct Nov Dec
2018: Jan Feb Mar Apr May Jun Jul Aug Sep Oct Nov Dec
2017: Jan Feb Mar Apr May Jun Jul Aug Sep Oct Nov Dec
2016: Jan Feb Mar Apr May Jun Jul Aug Sep Oct Nov Dec
2015: Jan Feb Mar Apr May Jun Jul Aug Sep Oct Nov Dec
2014: Jan Feb Mar Apr May Jun Jul Aug Sep Oct Nov Dec
2013: Jan Feb Mar Apr May Jun Jul Aug Sep Oct Nov Dec
2012: Jan Feb Mar Apr May Jun Jul Aug Sep Oct Nov Dec
2024: Jan Feb Mar Apr May Jun Jul Aug Sep Oct Nov Dec
2023: Jan Feb Mar Apr May Jun Jul Aug Sep Oct Nov Dec
2022: Jan Feb Mar Apr May Jun Jul Aug Sep Oct Nov Dec
2021: Jan Feb Mar Apr May Jun Jul Aug Sep Oct Nov Dec
2020: Jan Feb Mar Apr May Jun Jul Aug Sep Oct Nov Dec
2019: Jan Feb Mar Apr May Jun Jul Aug Sep Oct Nov Dec
2018: Jan Feb Mar Apr May Jun Jul Aug Sep Oct Nov Dec
2017: Jan Feb Mar Apr May Jun Jul Aug Sep Oct Nov Dec
2016: Jan Feb Mar Apr May Jun Jul Aug Sep Oct Nov Dec
2015: Jan Feb Mar Apr May Jun Jul Aug Sep Oct Nov Dec
2014: Jan Feb Mar Apr May Jun Jul Aug Sep Oct Nov Dec
2013: Jan Feb Mar Apr May Jun Jul Aug Sep Oct Nov Dec
2012: Jan Feb Mar Apr May Jun Jul Aug Sep Oct Nov Dec
Report for 2023 February
Monthly Climatological Summary for February 2023 Name: Glendower City: Kingskerswell State: Devon Elevation: 30 ft Lat: N 45° 30' 00 Lon: E 003° 30' 00 Temperature (°C), Rain (mm), Wind Speed (km/h) Heat Cool Avg Mean Deg Deg Wind Dom Aller Aller Day Temp High Time Low Time Days Days Rain Speed High Time Dir High Low --------------------------------------------------------------------------------------------------------------------- 01 7.8 12.0 13:40 2.1 23:59 0 0 0.00 4.64 22.32 13:09 W 0.2522 0.2009 02 9.44 11.9 14:05 8.1 00:05 0 0 0.00 5.57 16.92 12:06 WSW 0.2499 0.1951 03 9.81 13.2 15:09 7.9 23:59 0 0 0.00 3.71 15.48 11:17 W 0.2496 0.1813 04 8.33 10.2 12:59 6.7 23:59 0 0 0.00 0.93 8.28 17:40 SSE 0.235 0.1954 05 5.25 10.8 14:26 -3.9 23:37 0 0 0.00 1.33 10.08 04:50 S 0.2283 0.1746 06 0.91 10.2 14:00 -5.1 93:99 0 0 0.00 1.09 0.0 00:00 W 0.1963 0.1789 07 0.74 10.5 14:46 -4.1 23:34 0 0 0.00 0.8 8.28 15:15 SE 0.2213 0.165 08 1.06 9.9 14:40 -6.2 07:23 0 0 0.00 0.87 11.88 13:21 S 0.2196 0.1594 09 3.84 12.7 14:24 -3.3 23:42 0 0 0.00 1.38 10.08 12:14 S 0.2198 0.1486 10 2.65 11.5 13:35 -5.6 06:07 0 0 0.00 1.53 14.04 12:46 SE 0.2151 0.171 11 4.93 13.3 15:54 -1.1 23:51 0 0 0.00 0.42 6.12 11:18 SW 0.23 0.1582 12 5.54 9.6 12:20 -2.7 02:47 0 0 0.00 2.61 12.24 13:34 ESE 0.2101 0.1767 13 6.89 9.9 11:55 -0.2 23:03 0 0 0.00 2.7 10.44 10:17 S 0.2103 0.1536 14 5.86 13.8 14:08 0.3 22:18 0 0 0.00 1.0 8.64 13:34 WSW 0.2103 0.1536 15 7.3 12.9 16:15 1.1 00:00 0 0 0.20 2.18 15.12 13:53 SSW 0.2103 0.1536 16 11.07 13.9 14:21 8.7 02:56 0 0 0.60 5.12 18.36 06:12 WSW 0.2103 0.1536 17 11.55 14.3 15:00 10.1 01:51 0 0 0.00 6.24 18.0 00:21 SW 0.2115 0.1669 18 11.03 13.6 11:45 9.9 23:59 0 0 0.00 5.92 18.72 01:21 W 0.2156 0.1505 19 8.24 14.4 14:07 1.9 23:50 0 0 0.00 2.85 16.2 01:15 SSE 0.216 0.1398 20 7.47 12.7 13:39 0.4 01:29 0 0 0.00 2.76 14.4 12:52 WSW 0.2112 0.1415 21 6.62 8.1 13:59 5.2 07:04 0 0 4.50 1.05 6.84 12:30 NE 0.2908 0.1486 22 6.42 2.4 00:06 1.8 00:00 0 0 0.00 4.07 3.96 00:03 NNW 0.1752 0.1616 23 5.07 7.4 10:15 0.4 20:21 0 0 0.30 4.27 15.84 14:37 NW 0.1966 0.1338 24 5.54 10.2 14:07 0.9 08:16 0 0 0.00 2.48 12.6 12:54 SSE 0.199 0.1318 25 4.82 8.3 14:12 1.2 05:18 0 0 0.00 3.37 12.24 09:41 SW 0.192 0.1314 26 4.3 10.8 14:28 -1.0 22:50 0 0 293.50 2.77 15.84 10:32 SE 0.1916 0.1273 27 3.99 10.4 14:02 -3.8 04:49 0 0 0.00 2.39 11.52 08:57 ESE 0.1903 0.11 28 5.82 11.1 15:49 -0.2 05:55 0 0 0.00 4.4 16.92 16:47 ESE 0.1939 0.127