NOAA-Style Climate Reports
Select a Year or Month report
2024: Jan Feb Mar Apr May Jun Jul Aug Sep Oct Nov Dec
2023: Jan Feb Mar Apr May Jun Jul Aug Sep Oct Nov Dec
2022: Jan Feb Mar Apr May Jun Jul Aug Sep Oct Nov Dec
2021: Jan Feb Mar Apr May Jun Jul Aug Sep Oct Nov Dec
2020: Jan Feb Mar Apr May Jun Jul Aug Sep Oct Nov Dec
2019: Jan Feb Mar Apr May Jun Jul Aug Sep Oct Nov Dec
2018: Jan Feb Mar Apr May Jun Jul Aug Sep Oct Nov Dec
2017: Jan Feb Mar Apr May Jun Jul Aug Sep Oct Nov Dec
2016: Jan Feb Mar Apr May Jun Jul Aug Sep Oct Nov Dec
2015: Jan Feb Mar Apr May Jun Jul Aug Sep Oct Nov Dec
2014: Jan Feb Mar Apr May Jun Jul Aug Sep Oct Nov Dec
2013: Jan Feb Mar Apr May Jun Jul Aug Sep Oct Nov Dec
2012: Jan Feb Mar Apr May Jun Jul Aug Sep Oct Nov Dec
2024: Jan Feb Mar Apr May Jun Jul Aug Sep Oct Nov Dec
2023: Jan Feb Mar Apr May Jun Jul Aug Sep Oct Nov Dec
2022: Jan Feb Mar Apr May Jun Jul Aug Sep Oct Nov Dec
2021: Jan Feb Mar Apr May Jun Jul Aug Sep Oct Nov Dec
2020: Jan Feb Mar Apr May Jun Jul Aug Sep Oct Nov Dec
2019: Jan Feb Mar Apr May Jun Jul Aug Sep Oct Nov Dec
2018: Jan Feb Mar Apr May Jun Jul Aug Sep Oct Nov Dec
2017: Jan Feb Mar Apr May Jun Jul Aug Sep Oct Nov Dec
2016: Jan Feb Mar Apr May Jun Jul Aug Sep Oct Nov Dec
2015: Jan Feb Mar Apr May Jun Jul Aug Sep Oct Nov Dec
2014: Jan Feb Mar Apr May Jun Jul Aug Sep Oct Nov Dec
2013: Jan Feb Mar Apr May Jun Jul Aug Sep Oct Nov Dec
2012: Jan Feb Mar Apr May Jun Jul Aug Sep Oct Nov Dec
Report for 2022 January
 Monthly Climatological Summary for Jan 2022 Name: Glendower City: Kingskerswell State: Devon Elevation: 0 ft Lat: N 45° 30' 00" Lon: E 003° 30' 00" Temperature (°C), Rain (mm), Wind Speed (km/h) Heat Cool Avg Mean Deg Deg Wind Dom Day Temp High Time Low Time Days Days Rain Speed High Time Dir ---------------------------------------------------------------------------------- 1 12.9 13.4 16:10 0.0 16:10 1.7 0.0 0.0 4.0 26.0 22:27 N 2 11.2 12.8 00:48 10.0 22:23 7.1 0.0 0.0 6.7 34.0 11:05 N 3 9.9 11.2 02:56 7.9 23:57 7.1 0.0 0.0 4.6 26.0 00:31 N 4 5.4 8.6 01:00 1.0 22:27 12.8 0.0 0.0 4.4 29.0 09:09 N 5 2.0 7.7 14:48 -2.5 23:09 15.9 0.0 0.0 1.5 21.0 01:18 N 6 3.7 9.3 15:57 -2.9 01:50 14.6 0.0 0.0 2.7 35.0 15:37 N 7 5.4 8.1 16:00 2.9 20:47 12.9 0.0 0.0 4.7 37.0 09:23 N 8 7.9 11.4 11:50 4.9 22:17 10.4 0.0 0.0 6.7 47.0 12:54 N 9 6.8 9.2 13:44 3.4 02:46 11.5 0.0 0.0 2.1 23.0 07:08 N 10 8.6 12.0 15:02 6.7 21:41 9.7 0.0 0.0 0.2 6.0 12:34 N 11 8.9 12.3 13:12 3.8 23:57 9.4 0.0 0.0 0.5 10.0 14:04 N 12 3.8 21.9 14:38 -2.2 23:29 14.7 0.2 11.6 0.1 24.0 14:41 N 13 0.9 9.2 14:32 -3.4 08:00 17.4 0.0 0.0 0.0 2.0 11:34 --- 14 5.5 13.7 13:44 -1.1 00:53 12.8 0.0 4.4 0.3 16.0 22:01 N 15 4.2 7.9 15:26 -1.4 04:35 14.1 0.0 0.0 0.0 6.0 21:52 N 16 6.9 10.1 11:43 -1.1 23:58 11.4 0.0 0.0 0.9 16.0 13:22 N 17 0.5 8.3 15:12 -3.3 07:27 17.8 0.0 0.0 0.0 3.0 13:18 --- 18 3.2 8.0 12:22 -0.9 00:34 15.1 0.0 0.0 0.4 11.0 12:53 N 19 6.5 11.4 12:40 0.3 23:57 11.8 0.0 0.0 2.7 23.0 14:53 N 20 2.1 8.4 12:29 -3.0 23:58 16.2 0.0 0.0 0.7 18.0 11:33 N 21 0.9 8.0 14:57 -6.1 07:41 17.4 0.0 0.0 0.3 8.0 13:15 N 22 5.6 7.1 13:19 4.2 00:00 12.7 0.0 0.0 1.0 11.0 14:04 N 23 5.8 7.2 19:22 4.5 06:20 12.5 0.0 0.0 0.7 11.0 19:13 N 24 7.0 7.6 15:00 6.2 07:53 8.4 0.0 0.0 1.2 13.0 11:04 N 25 5.9 7.1 00:00 4.8 23:54 12.4 0.0 0.0 0.1 8.0 05:13 N 26 6.6 8.9 14:32 4.3 04:57 11.7 0.0 0.0 0.3 10.0 21:52 N 27 7.7 13.6 14:23 0.3 23:56 10.6 0.0 0.0 2.1 26.0 09:57 N 28 4.3 10.1 22:40 -3.3 07:22 14.0 0.0 0.0 1.2 18.0 15:38 N 29 9.5 12.4 11:11 0.3 23:58 8.8 0.0 0.0 3.8 27.0 10:09 N ---------------------------------------------------------------------------------- 5.8 21.9 12 -6.1 21 352.9 0.2 16.0 1.8 47.0 8 N Max >= 27.0: 0 Max <= 0.0: 0 Min <= 0.0: 13 Min <= -18.0: 0 Max Rain: 11.6 on day 12 Days of Rain: 2 (>= 0.2 mm) 2 (>= 2.0 mm) 0 (>= 20.0 mm) Heat Base: 18.3 Cool Base: 18.3 Method: Integration