NOAA-Style Climate Reports


Report for 2018 April
                   Monthly Climatological Summary for Apr 2018

Name: Torquay Weather   City: Torquay   State: Devon
Elevation: 26 m  Lat: N 50° 29' 36"   Lon: W 003° 34' 43"

                  Temperature (°C), Rain (mm), Wind Speed (mph)

                                      Heat  Cool        Avg
    Mean                              Deg   Deg         Wind                 Dom
Day Temp  High   Time   Low    Time   Days  Days  Rain  Speed High   Time    Dir
----------------------------------------------------------------------------------
 1   5.8   8.9   23:42   2.7   02:14  12.5   0.0  19.8   2.3  15.0   18:41    SE
 2  10.8  13.2   14:59   8.6   05:42   7.5   0.0   8.8   3.6  18.0   11:32     S
 3  11.1  13.7   15:26   8.7   21:18   7.2   0.0   1.0   3.7  21.0   12:52   SSW
 4   9.6  13.1   15:51   6.6   23:42   8.7   0.0   4.4   4.6  19.0   03:52    SW
 5   6.8   9.9   14:07   0.8   07:12  11.5   0.0   0.0   3.0  16.0   16:05    SE
 6   9.7  12.3   13:18   6.8   23:56   8.6   0.0   0.0   3.8  20.0   10:29    SE
 7   9.4  13.4   14:18   4.4   23:46   8.9   0.0  14.0   0.8  11.0   14:41    NW
 8   8.0  15.1   15:18   2.1   04:48  10.3   0.0   0.0   0.2   5.0   11:15    NE
 9   9.0  11.0   10:59   6.0   00:59   9.3   0.0   5.6   0.3   7.0   06:13   NNW
10   9.7  11.3   17:13   8.7   00:00   8.6   0.0   9.4   0.6  11.0   08:13     E
11  11.7  15.9   16:05   8.4   22:38   6.6   0.0   1.6   0.9  12.0   09:30     E
12  10.2  15.7   14:26   5.5   05:40   8.1   0.0   0.0   0.7  11.0   15:14     E
13  10.2  13.4   17:00   7.4   23:40   8.1   0.0   0.0   0.5   8.0   17:37     W
14   8.1  11.5   11:17   4.3   04:02  10.2   0.0   0.0   0.7   9.0   12:53   ESE
15  10.1  12.6   16:38   8.2   00:00   8.2   0.0   5.0   3.0  18.0   13:20     S
16  11.0  14.5   13:35   6.7   03:23   7.3   0.0   0.2   3.3  19.0   23:50     S
17  12.4  14.1   12:56  10.7   03:49   5.8   0.0   3.2   5.6  21.0   02:06     S
18  14.0  19.0   13:31   7.7   23:53   4.3   0.0   0.0   2.8  17.0   17:13    SE
19  14.5  24.7   17:57   4.6   06:30   5.3   1.6   0.0   0.8   9.0   13:31    SE
20  15.4  23.3   16:01   8.9   05:40   4.1   1.2   0.0   1.2  11.0   07:36     N
21  12.5  18.8   17:18   6.8   06:17   5.8   0.0   1.4   0.7  10.0   14:26   ESE
22  12.1  18.9   11:36   5.5   23:50   6.1   0.0   0.0   1.4  15.0   14:48   WNW
23  11.2  14.4   15:00   5.6   00:07   7.1   0.0   0.0   2.4  19.0   13:54     W
24  11.6  13.9   11:25   9.2   22:43   6.7   0.0   2.4   2.6  18.0   12:26     W
25  10.7  14.2   14:25   7.4   06:41   7.6   0.0   0.6   3.6  22.0   17:20   WNW
26   9.4  13.0   16:20   4.1   05:11   8.9   0.0   1.4   2.3  17.0   18:01     W
27   9.2  12.1   15:26   7.2   06:06   9.1   0.0  18.8   1.6  17.0   08:27     E
28   9.1  11.8   14:25   7.3   23:57   9.2   0.0   0.2   0.2   6.0   00:01    NE
29   8.3  10.4   12:41   6.4   03:36  10.0   0.0   0.0   2.3  18.0   17:26   NNE
30   8.0  12.4   17:22   3.8   23:49  10.3   0.0   0.0   3.4  19.0   11:46   NNW
----------------------------------------------------------------------------------
    10.3  24.7    19     0.8     5   241.9   2.8  97.8   2.1  22.0    25       S

Max >=  27.0:  0
Max <=   0.0:  0
Min <=   0.0:  0
Min <= -18.0:  0
Max Rain: 19.8 on day 1
Days of Rain: 17 (>= 0.0 mm)  17 (>= 0.1 mm)  14 (>= 1.0 mm)
Heat Base: 18.3  Cool Base: 18.3  Method: Integration